{"id":3199,"date":"2018-03-26T15:41:22","date_gmt":"2018-03-26T13:41:22","guid":{"rendered":"https:\/\/www.arnalballester.com\/?post_type=project&#038;p=3199"},"modified":"2018-03-26T15:49:02","modified_gmt":"2018-03-26T13:49:02","slug":"ilustrando-a-palau-i-fabre","status":"publish","type":"project","link":"https:\/\/www.arnalballester.com\/en\/project\/ilustrando-a-palau-i-fabre\/","title":{"rendered":"Illustrating Palau i Fabre"},"content":{"rendered":"<p>[et_pb_section bb_built=&#8221;1&#8243; fullwidth=&#8221;off&#8221; specialty=&#8221;on&#8221; _builder_version=&#8221;3.0.74&#8243; custom_margin=&#8221;0px|||&#8221; custom_padding=&#8221;0px|||&#8221; padding_top_2=&#8221;0px&#8221;][et_pb_column type=&#8221;2_3&#8243; specialty_columns=&#8221;2&#8243;][et_pb_row_inner admin_label=&#8221;Fila&#8221; _builder_version=&#8221;3.0.74&#8243; custom_margin=&#8221;0px||0px|&#8221; custom_padding=&#8221;0px||0px|&#8221; padding_top_1=&#8221;0px&#8221;][et_pb_column_inner type=&#8221;4_4&#8243; saved_specialty_column_type=&#8221;2_3&#8243;][et_pb_image _builder_version=&#8221;3.0.74&#8243; src=&#8221;https:\/\/www.arnalballester.com\/wp-content\/uploads\/2017\/11\/PF-01-PEDRA.jpg&#8221; show_in_lightbox=&#8221;on&#8221; url_new_window=&#8221;off&#8221; use_overlay=&#8221;off&#8221; always_center_on_mobile=&#8221;on&#8221; border_style=&#8221;solid&#8221; force_fullwidth=&#8221;off&#8221; show_bottom_space=&#8221;on&#8221; \/][\/et_pb_column_inner][\/et_pb_row_inner][et_pb_row_inner admin_label=&#8221;Fila&#8221; _builder_version=&#8221;3.0.74&#8243; use_custom_gutter=&#8221;on&#8221; gutter_width=&#8221;2&#8243;][et_pb_column_inner type=&#8221;1_2&#8243; saved_specialty_column_type=&#8221;2_3&#8243;][et_pb_image _builder_version=&#8221;3.0.74&#8243; src=&#8221;https:\/\/www.arnalballester.com\/wp-content\/uploads\/2017\/11\/PF-04-EL-PEIX2.jpg&#8221; show_in_lightbox=&#8221;on&#8221; url_new_window=&#8221;off&#8221; use_overlay=&#8221;off&#8221; always_center_on_mobile=&#8221;on&#8221; border_style=&#8221;solid&#8221; force_fullwidth=&#8221;off&#8221; show_bottom_space=&#8221;on&#8221; \/][\/et_pb_column_inner][et_pb_column_inner type=&#8221;1_2&#8243; saved_specialty_column_type=&#8221;2_3&#8243;][et_pb_image _builder_version=&#8221;3.0.74&#8243; src=&#8221;https:\/\/www.arnalballester.com\/wp-content\/uploads\/2017\/11\/PF-06-Paradis-atro\u00e72.jpg&#8221; show_in_lightbox=&#8221;on&#8221; url_new_window=&#8221;off&#8221; use_overlay=&#8221;off&#8221; always_center_on_mobile=&#8221;on&#8221; border_style=&#8221;solid&#8221; force_fullwidth=&#8221;off&#8221; show_bottom_space=&#8221;on&#8221; \/][\/et_pb_column_inner][\/et_pb_row_inner][et_pb_row_inner admin_label=&#8221;Fila&#8221; _builder_version=&#8221;3.0.74&#8243; custom_margin=&#8221;0px||0px|&#8221; custom_padding=&#8221;0px||0px|&#8221; padding_top_1=&#8221;0px&#8221;][et_pb_column_inner type=&#8221;4_4&#8243; saved_specialty_column_type=&#8221;2_3&#8243;][et_pb_image _builder_version=&#8221;3.0.74&#8243; src=&#8221;https:\/\/www.arnalballester.com\/wp-content\/uploads\/2017\/11\/PF-05-SONET-INTRAUTERI2.jpg&#8221; show_in_lightbox=&#8221;on&#8221; url_new_window=&#8221;off&#8221; use_overlay=&#8221;off&#8221; always_center_on_mobile=&#8221;on&#8221; border_style=&#8221;solid&#8221; force_fullwidth=&#8221;off&#8221; show_bottom_space=&#8221;on&#8221; \/][\/et_pb_column_inner][\/et_pb_row_inner][et_pb_row_inner admin_label=&#8221;Fila&#8221; _builder_version=&#8221;3.0.74&#8243; use_custom_gutter=&#8221;on&#8221; gutter_width=&#8221;2&#8243;][et_pb_column_inner type=&#8221;4_4&#8243; saved_specialty_column_type=&#8221;2_3&#8243;][et_pb_image _builder_version=&#8221;3.0.74&#8243; src=&#8221;https:\/\/www.arnalballester.com\/wp-content\/uploads\/2017\/11\/PF-09-POEMA2.jpg&#8221; show_in_lightbox=&#8221;on&#8221; url_new_window=&#8221;off&#8221; use_overlay=&#8221;off&#8221; always_center_on_mobile=&#8221;on&#8221; border_style=&#8221;solid&#8221; force_fullwidth=&#8221;off&#8221; show_bottom_space=&#8221;on&#8221; \/][\/et_pb_column_inner][\/et_pb_row_inner][\/et_pb_column][et_pb_column type=&#8221;1_3&#8243;][et_pb_text admin_label=&#8221;T\u00edtulo&#8221; _builder_version=&#8221;3.0.74&#8243; background_layout=&#8221;light&#8221; border_style=&#8221;solid&#8221; custom_margin=&#8221;0px|||&#8221; custom_padding=&#8221;0px|||&#8221; module_class=&#8221;title_project&#8221;]<\/p>\n<h1>Illustrating\u00a0 Palau i Fabre<\/h1>\n<p>Josep Palau i Fabre is one of the most unique contemporary Catalan poets: Picasso&#8217;s friend and biographer, avant-garde poet, essay writter&#8230; and supporting actor of the French cinema in the 50&#8217;s. 2017 was his centenary and the Fundaci\u00f3 Palau i Fabre organized the commemorative exhibition<em> JO S\u00d3C EL MEU PROPI EXPERIMENT (I am my own experiment), curated by <\/em>Juli\u00e0 Guillamon. The exhibition featured work that artists from different fields created based on thirteen poems from the book <em>Poemes de l&#8217;alquimista. The catalogue consists of a compilation of these poems and my contribution was to illustrate them.<\/em><\/p>\n<p><em>The other contributors were the visual artists<\/em> Ignasi Aball\u00ed and Enric Farr\u00e9s, the animator Laura Gin\u00e9s, the writer and tattoo artist Sergi Pons Codina, the video artist Maria Padr\u00f3, the filmmaker Morrosko Vila-San-Juan, and the designers Am\u00e9rica S\u00e1nchez and Albert Planas.<\/p>\n<p>&nbsp;<\/p>\n<p>[\/et_pb_text][et_pb_image _builder_version=&#8221;3.0.74&#8243; src=&#8221;https:\/\/www.arnalballester.com\/wp-content\/uploads\/2017\/11\/2018-01-01-13.43.40-1.jpg&#8221; show_in_lightbox=&#8221;off&#8221; url_new_window=&#8221;off&#8221; use_overlay=&#8221;off&#8221; always_center_on_mobile=&#8221;on&#8221; border_style=&#8221;solid&#8221; force_fullwidth=&#8221;off&#8221; show_bottom_space=&#8221;on&#8221; \/][et_pb_image _builder_version=&#8221;3.0.74&#8243; src=&#8221;https:\/\/www.arnalballester.com\/wp-content\/uploads\/2017\/11\/PiF-foto-03.jpg&#8221; show_in_lightbox=&#8221;on&#8221; url_new_window=&#8221;off&#8221; use_overlay=&#8221;off&#8221; always_center_on_mobile=&#8221;on&#8221; border_style=&#8221;solid&#8221; force_fullwidth=&#8221;off&#8221; show_bottom_space=&#8221;on&#8221; \/][et_pb_image _builder_version=&#8221;3.0.74&#8243; src=&#8221;https:\/\/www.arnalballester.com\/wp-content\/uploads\/2017\/11\/PiF-foto-01.jpg&#8221; show_in_lightbox=&#8221;off&#8221; url_new_window=&#8221;off&#8221; use_overlay=&#8221;off&#8221; always_center_on_mobile=&#8221;on&#8221; border_style=&#8221;solid&#8221; force_fullwidth=&#8221;off&#8221; show_bottom_space=&#8221;on&#8221; \/][et_pb_image _builder_version=&#8221;3.0.74&#8243; src=&#8221;https:\/\/www.arnalballester.com\/wp-content\/uploads\/2017\/11\/PiF-foto-02.jpg&#8221; show_in_lightbox=&#8221;off&#8221; url_new_window=&#8221;off&#8221; use_overlay=&#8221;off&#8221; always_center_on_mobile=&#8221;on&#8221; border_style=&#8221;solid&#8221; force_fullwidth=&#8221;off&#8221; show_bottom_space=&#8221;on&#8221; \/][et_pb_image _builder_version=&#8221;3.0.74&#8243; src=&#8221;https:\/\/www.arnalballester.com\/wp-content\/uploads\/2017\/11\/JSEMPE-Port.jpg&#8221; show_in_lightbox=&#8221;off&#8221; url_new_window=&#8221;off&#8221; use_overlay=&#8221;off&#8221; always_center_on_mobile=&#8221;on&#8221; border_style=&#8221;solid&#8221; force_fullwidth=&#8221;off&#8221; show_bottom_space=&#8221;on&#8221; \/][\/et_pb_column][\/et_pb_section]<\/p>\n","protected":false},"excerpt":{"rendered":"<p>Illustrating\u00a0 Palau i Fabre Josep Palau i Fabre is one of the most unique contemporary Catalan poets: Picasso&#8217;s friend and biographer, avant-garde poet, essay writter&#8230; and supporting actor of the French cinema in the 50&#8217;s. 2017 was his centenary and the Fundaci\u00f3 Palau i Fabre organized the commemorative exhibition JO S\u00d3C EL MEU PROPI EXPERIMENT [&hellip;]<\/p>\n","protected":false},"author":2,"featured_media":2922,"comment_status":"open","ping_status":"closed","template":"","meta":{"_et_pb_use_builder":"on","_et_pb_old_content":"","_et_gb_content_width":"","inline_featured_image":false,"footnotes":""},"project_category":[41],"project_tag":[],"class_list":["post-3199","project","type-project","status-publish","has-post-thumbnail","hentry","project_category-exhibitions"],"_links":{"self":[{"href":"https:\/\/www.arnalballester.com\/en\/wp-json\/wp\/v2\/project\/3199","targetHints":{"allow":["GET"]}}],"collection":[{"href":"https:\/\/www.arnalballester.com\/en\/wp-json\/wp\/v2\/project"}],"about":[{"href":"https:\/\/www.arnalballester.com\/en\/wp-json\/wp\/v2\/types\/project"}],"author":[{"embeddable":true,"href":"https:\/\/www.arnalballester.com\/en\/wp-json\/wp\/v2\/users\/2"}],"replies":[{"embeddable":true,"href":"https:\/\/www.arnalballester.com\/en\/wp-json\/wp\/v2\/comments?post=3199"}],"version-history":[{"count":2,"href":"https:\/\/www.arnalballester.com\/en\/wp-json\/wp\/v2\/project\/3199\/revisions"}],"predecessor-version":[{"id":3201,"href":"https:\/\/www.arnalballester.com\/en\/wp-json\/wp\/v2\/project\/3199\/revisions\/3201"}],"wp:featuredmedia":[{"embeddable":true,"href":"https:\/\/www.arnalballester.com\/en\/wp-json\/wp\/v2\/media\/2922"}],"wp:attachment":[{"href":"https:\/\/www.arnalballester.com\/en\/wp-json\/wp\/v2\/media?parent=3199"}],"wp:term":[{"taxonomy":"project_category","embeddable":true,"href":"https:\/\/www.arnalballester.com\/en\/wp-json\/wp\/v2\/project_category?post=3199"},{"taxonomy":"project_tag","embeddable":true,"href":"https:\/\/www.arnalballester.com\/en\/wp-json\/wp\/v2\/project_tag?post=3199"}],"curies":[{"name":"wp","href":"https:\/\/api.w.org\/{rel}","templated":true}]}}

<p>[et_pb_section bb_built=&#8221;1&#8243; fullwidth=&#8221;off&#8221; specialty=&#8221;on&#8221; _builder_version=&#8221;3.0.74&#8243; custom_margin=&#8221;0px|||&#8221; custom_padding=&#8221;0px|||&#8221; padding_top_2=&#8221;0px&#8221;][et_pb_column type=&#8221;2_3&#8243; specialty_columns=&#8221;2&#8243;][et_pb_row_inner admin_label=&#8221;Fila&#8221; _builder_version=&#8221;3.0.74&#8243; custom_margin=&#8221;0px||0px|&#8221; custom_padding=&#8221;0px||0px|&#8221; padding_top_1=&#8221;0px&#8221;][et_pb_column_inner type=&#8221;4_4&#8243; saved_specialty_column_type=&#8221;2_3&#8243;][et_pb_image _builder_version=&#8221;3.0.74&#8243; src=&#8221;https://www.arnalballester.com/wp-content/uploads/2017/11/PF-01-PEDRA.jpg&#8221; show_in_lightbox=&#8221;on&#8221; url_new_window=&#8221;off&#8221; use_overlay=&#8221;off&#8221; always_center_on_mobile=&#8221;on&#8221; border_style=&#8221;solid&#8221; force_fullwidth=&#8221;off&#8221; show_bottom_space=&#8221;on&#8221; /][/et_pb_column_inner][/et_pb_row_inner][et_pb_row_inner admin_label=&#8221;Fila&#8221; _builder_version=&#8221;3.0.74&#8243; use_custom_gutter=&#8221;on&#8221; gutter_width=&#8221;2&#8243;][et_pb_column_inner type=&#8221;1_2&#8243; saved_specialty_column_type=&#8221;2_3&#8243;][et_pb_image _builder_version=&#8221;3.0.74&#8243; src=&#8221;https://www.arnalballester.com/wp-content/uploads/2017/11/PF-04-EL-PEIX2.jpg&#8221; show_in_lightbox=&#8221;on&#8221; url_new_window=&#8221;off&#8221; use_overlay=&#8221;off&#8221; always_center_on_mobile=&#8221;on&#8221; border_style=&#8221;solid&#8221; force_fullwidth=&#8221;off&#8221; show_bottom_space=&#8221;on&#8221; /][/et_pb_column_inner][et_pb_column_inner type=&#8221;1_2&#8243; saved_specialty_column_type=&#8221;2_3&#8243;][et_pb_image _builder_version=&#8221;3.0.74&#8243; src=&#8221;https://www.arnalballester.com/wp-content/uploads/2017/11/PF-06-Paradis-atroç2.jpg&#8221; show_in_lightbox=&#8221;on&#8221; url_new_window=&#8221;off&#8221; use_overlay=&#8221;off&#8221; always_center_on_mobile=&#8221;on&#8221; border_style=&#8221;solid&#8221; force_fullwidth=&#8221;off&#8221; show_bottom_space=&#8221;on&#8221; /][/et_pb_column_inner][/et_pb_row_inner][et_pb_row_inner admin_label=&#8221;Fila&#8221; _builder_version=&#8221;3.0.74&#8243; custom_margin=&#8221;0px||0px|&#8221; custom_padding=&#8221;0px||0px|&#8221; padding_top_1=&#8221;0px&#8221;][et_pb_column_inner type=&#8221;4_4&#8243; saved_specialty_column_type=&#8221;2_3&#8243;][et_pb_image _builder_version=&#8221;3.0.74&#8243; src=&#8221;https://www.arnalballester.com/wp-content/uploads/2017/11/PF-05-SONET-INTRAUTERI2.jpg&#8221; show_in_lightbox=&#8221;on&#8221; url_new_window=&#8221;off&#8221; use_overlay=&#8221;off&#8221; always_center_on_mobile=&#8221;on&#8221; border_style=&#8221;solid&#8221; force_fullwidth=&#8221;off&#8221; show_bottom_space=&#8221;on&#8221; /][/et_pb_column_inner][/et_pb_row_inner][et_pb_row_inner admin_label=&#8221;Fila&#8221; _builder_version=&#8221;3.0.74&#8243; use_custom_gutter=&#8221;on&#8221; gutter_width=&#8221;2&#8243;][et_pb_column_inner type=&#8221;4_4&#8243; saved_specialty_column_type=&#8221;2_3&#8243;][et_pb_image _builder_version=&#8221;3.0.74&#8243; src=&#8221;https://www.arnalballester.com/wp-content/uploads/2017/11/PF-09-POEMA2.jpg&#8221; show_in_lightbox=&#8221;on&#8221; url_new_window=&#8221;off&#8221; use_overlay=&#8221;off&#8221; always_center_on_mobile=&#8221;on&#8221; border_style=&#8221;solid&#8221; force_fullwidth=&#8221;off&#8221; show_bottom_space=&#8221;on&#8221; /][/et_pb_column_inner][/et_pb_row_inner][/et_pb_column][et_pb_column type=&#8221;1_3&#8243;][et_pb_text admin_label=&#8221;Título&#8221; _builder_version=&#8221;3.0.74&#8243; background_layout=&#8221;light&#8221; border_style=&#8221;solid&#8221; custom_margin=&#8221;0px|||&#8221; custom_padding=&#8221;0px|||&#8221; module_class=&#8221;title_project&#8221;]</p>
<h1>Illustrating  Palau i Fabre</h1>
<p>Josep Palau i Fabre is one of the most unique contemporary Catalan poets: Picasso&#8217;s friend and biographer, avant-garde poet, essay writter&#8230; and supporting actor of the French cinema in the 50&#8217;s. 2017 was his centenary and the Fundació Palau i Fabre organized the commemorative exhibition<em> JO SÓC EL MEU PROPI EXPERIMENT (I am my own experiment), curated by </em>Julià Guillamon. The exhibition featured work that artists from different fields created based on thirteen poems from the book <em>Poemes de l&#8217;alquimista. The catalogue consists of a compilation of these poems and my contribution was to illustrate them.</em></p>
<p><em>The other contributors were the visual artists</em> Ignasi Aballí and Enric Farrés, the animator Laura Ginés, the writer and tattoo artist Sergi Pons Codina, the video artist Maria Padró, the filmmaker Morrosko Vila-San-Juan, and the designers América Sánchez and Albert Planas.</p>
<p>&nbsp;</p>
<p>[/et_pb_text][et_pb_image _builder_version=&#8221;3.0.74&#8243; src=&#8221;https://www.arnalballester.com/wp-content/uploads/2017/11/2018-01-01-13.43.40-1.jpg&#8221; show_in_lightbox=&#8221;off&#8221; url_new_window=&#8221;off&#8221; use_overlay=&#8221;off&#8221; always_center_on_mobile=&#8221;on&#8221; border_style=&#8221;solid&#8221; force_fullwidth=&#8221;off&#8221; show_bottom_space=&#8221;on&#8221; /][et_pb_image _builder_version=&#8221;3.0.74&#8243; src=&#8221;https://www.arnalballester.com/wp-content/uploads/2017/11/PiF-foto-03.jpg&#8221; show_in_lightbox=&#8221;on&#8221; url_new_window=&#8221;off&#8221; use_overlay=&#8221;off&#8221; always_center_on_mobile=&#8221;on&#8221; border_style=&#8221;solid&#8221; force_fullwidth=&#8221;off&#8221; show_bottom_space=&#8221;on&#8221; /][et_pb_image _builder_version=&#8221;3.0.74&#8243; src=&#8221;https://www.arnalballester.com/wp-content/uploads/2017/11/PiF-foto-01.jpg&#8221; show_in_lightbox=&#8221;off&#8221; url_new_window=&#8221;off&#8221; use_overlay=&#8221;off&#8221; always_center_on_mobile=&#8221;on&#8221; border_style=&#8221;solid&#8221; force_fullwidth=&#8221;off&#8221; show_bottom_space=&#8221;on&#8221; /][et_pb_image _builder_version=&#8221;3.0.74&#8243; src=&#8221;https://www.arnalballester.com/wp-content/uploads/2017/11/PiF-foto-02.jpg&#8221; show_in_lightbox=&#8221;off&#8221; url_new_window=&#8221;off&#8221; use_overlay=&#8221;off&#8221; always_center_on_mobile=&#8221;on&#8221; border_style=&#8221;solid&#8221; force_fullwidth=&#8221;off&#8221; show_bottom_space=&#8221;on&#8221; /][et_pb_image _builder_version=&#8221;3.0.74&#8243; src=&#8221;https://www.arnalballester.com/wp-content/uploads/2017/11/JSEMPE-Port.jpg&#8221; show_in_lightbox=&#8221;off&#8221; url_new_window=&#8221;off&#8221; use_overlay=&#8221;off&#8221; always_center_on_mobile=&#8221;on&#8221; border_style=&#8221;solid&#8221; force_fullwidth=&#8221;off&#8221; show_bottom_space=&#8221;on&#8221; /][/et_pb_column][/et_pb_section]</p>

<p>Illustrating  Palau i Fabre Josep Palau i Fabre is one of the most unique contemporary Catalan poets: Picasso&#8217;s friend and biographer, avant-garde poet, essay writter&#8230; and supporting actor of the French cinema in the 50&#8217;s. 2017 was his centenary and the Fundació Palau i Fabre organized the commemorative exhibition JO SÓC EL MEU PROPI EXPERIMENT [&hellip;]</p>
